{"id":26,"date":"2023-07-24T01:48:30","date_gmt":"2023-07-24T01:48:30","guid":{"rendered":"https:\/\/www.enviro.cz\/?page_id=26"},"modified":"2023-07-31T14:29:56","modified_gmt":"2023-07-31T14:29:56","slug":"solarni-fve-systemy","status":"publish","type":"page","link":"https:\/\/www.enviro.cz\/?page_id=26","title":{"rendered":"FOTOVOLTAICK\u00dd SYST\u00c9M NA OH\u0158EV VODY"},"content":{"rendered":"\n<p><\/p>\n\n\n\n<p><\/p>\n\n\n\n<p>Jako jeden z nejjednodu\u0161\u0161\u00edch a t\u00edm p\u00e1dem i nejlevn\u011bj\u0161\u00edch FV syst\u00e9m\u016f je FOTOVOLTAICK\u00dd OH\u0158EV VODY, kter\u00fd je pro vybran\u00e9 c\u00edlov\u00e9 skupiny obyvatel \u010cR v pln\u00e9 v\u00fd\u0161i dotov\u00e1n st\u00e1tem z programu Nov\u00e1 zelen\u00e1 \u00faspor\u00e1m Light.<\/p>\n\n\n\n<p>Pr\u00e1v\u011b na oh\u0159ev vody, kter\u00e1 se pou\u017e\u00edv\u00e1 p\u0159i ka\u017edodenn\u00edm myt\u00ed n\u00e1dob\u00ed, pran\u00ed a koup\u00e1n\u00ed p\u0159ipad\u00e1 zna\u010dn\u00e1 \u010d\u00e1st energie a tedy i financ\u00ed.<\/p>\n\n\n\n<p>U dvou\u010dlenn\u00e9 dom\u00e1cnosti tvo\u0159en\u00e9 nap\u0159\u00edklad seniory se m\u016f\u017ee jednat o ro\u010dn\u00ed \u00fasporu kolem 4 tis\u00edc korun, u \u010dty\u0159\u010dlenn\u00e9 rodiny vyu\u017e\u00edvaj\u00edc\u00ed fotovoltaick\u00fd oh\u0159ev vody se \u00faspora m\u016f\u017ee vy\u0161plhat i p\u0159es 10 tis\u00edc korun za rok.<\/p>\n\n\n\n<p><\/p>\n\n\n\n<p><\/p>\n\n\n\n<p>Jak to funguje:<\/p>\n\n\n\n<p>FV panely funguj\u00ed na principu: slune\u010dn\u00ed z\u00e1\u0159en\u00ed = v\u00fdroba elektrick\u00e9 energie. Zjednodu\u0161en\u011b se to d\u00e1 popsat tak, \u017ee FV panely um\u00edst\u011bn\u00e9 u V\u00e1s na st\u0159e\u0161e domu, gar\u00e1\u017ee, p\u0159\u00edstavku (pop\u0159. m\u016f\u017eou b\u00fdt tak\u00e9 ulo\u017een\u00e9 na Va\u0161em pozemku, pokud m\u00e1te z n\u011bjak\u00e9ho d\u016fvodu nevyhovujic\u00ed st\u0159echu) vyrob\u00ed slune\u010dn\u00edm osvitem elektrickou energii, kter\u00e1 n\u00e1sledn\u011b oh\u0159eje vodu ve Va\u0161em elektrick\u00e9m bojleru, kter\u00fd u\u017e m\u00e1te doma, nebo se m\u016f\u017ee vym\u011bnit za nov\u00fd s dostate\u010dnou kapacitou z\u00e1sobniku vody.<\/p>\n\n\n\n<p><\/p>\n\n\n\n<p><\/p>\n\n\n\n<p>V\u00fdhody FV syst\u00e9mu na oh\u0159ev vody:<\/p>\n\n\n\n<ul class=\"wp-block-list\">\n<li>voda je oproti bateri\u00edm nejlevnej\u0161\u00ed akumul\u00e1tor energie<\/li>\n<\/ul>\n\n\n\n<ul class=\"wp-block-list\">\n<li>hlavn\u00ed v\u00fdhodou FV oh\u0159evu vody spo\u010d\u00edv\u00e1 v jeho jednoduch\u00e9 instalaci<\/li>\n<\/ul>\n\n\n\n<ul class=\"wp-block-list\">\n<li>v\u00e1\u0161 bojler je s FV panely propojen\u00fd p\u0159es MPPT regul\u00e1tor pouze kabely a proto u\u017e d\u00e1le nen\u00ed nutn\u00e9 d\u011blat na Va\u0161em dom\u011b n\u011bjak\u00e9 slo\u017eit\u00e9 a v z\u00e1sad\u011b zbyte\u010dn\u00e9 z\u00e1sahy, jako jsou nadm\u011brn\u00e9 prostupy mezi zdmi, stropy, podlahami atd. <\/li>\n<\/ul>\n\n\n\n<ul class=\"wp-block-list\">\n<li>d\u00edky pou\u017eit\u00ed MPPT regul\u00e1toru dos\u00e1hnete maxim\u00e1ln\u00edho vyu\u017eit\u00ed vyroben\u00e9 energie i p\u0159i n\u00edzk\u00e9m slune\u010dn\u00edm osvitu<\/li>\n<\/ul>\n\n\n\n<ul class=\"wp-block-list\">\n<li>vyroben\u00e1 elekt\u0159ina se prim\u00e1rn\u011b pou\u017e\u00edv\u00e1 na oh\u0159ev tepl\u00e9 vody v bojleru, ale p\u0159ebytky lze tak\u00e9 vyu\u017e\u00edt pro dal\u0161\u00ed \u00fa\u010dely, jako je nap\u0159. dal\u0161\u00ed z\u00e1sobn\u00edk na teplou vodu, podlahov\u00e9 vyt\u00e1p\u011bn\u00ed atd. <\/li>\n<\/ul>\n\n\n\n<ul class=\"wp-block-list\">\n<li>dal\u0161\u00ed nespornou v\u00fdhodou je bez\u00fadr\u017ebovost s minim\u00e1ln\u00edmi n\u00e1klady na provoz <\/li>\n<\/ul>\n\n\n\n<ul class=\"wp-block-list\">\n<li>FV syst\u00e9m na oh\u0159ev vody je vhodn\u00e9 \u0159e\u0161en\u00ed i pro zimn\u00ed m\u011bs\u00edce, proto\u017ee nejsou z\u00e1visl\u00e9 na okoln\u00ed teplot\u011b. (FV panely v zimn\u00edm obdob\u00ed, kdy se teploty dost\u00e1v\u00e1j\u00ed pod bod mrazu vyr\u00e1b\u00ed v\u00edce el.energie, proto\u017ee \u00fam\u011brn\u011b poklesu teplot stoup\u00e1 jej\u00edch v\u00fdkon). Ov\u0161em za p\u0159edpokladu, \u017ee bude v zimn\u00edm obdob\u00ed dostatek slune\u010dn\u00edho svitu. <\/li>\n<\/ul>\n\n\n\n<p>Obecn\u011b se d\u00e1 \u0159\u00edct, \u017ee jste energeticky nez\u00e1visl\u00ed p\u0159i oh\u0159evu vody 8 &#8211; 9 m\u011bs\u00edc\u016f v roce.<\/p>\n\n\n\n<p>Na toto \u0159e\u0161en\u00ed nen\u00ed pot\u0159eba \u017e\u00e1dn\u00e9ho povolen\u00ed od \u00fa\u0159ad\u016f, proto\u017ee nen\u00ed p\u0159ipojeno do elektrick\u00e9 s\u00edt\u011b &#8211; ta se pou\u017e\u00edv\u00e1 pouze pro z\u00e1lohov\u00e1n\u00ed oh\u0159evu v p\u0159\u00edpad\u011b nedostatku slune\u010dn\u00edho z\u00e1\u0159en\u00ed a elektrick\u00e1 energie vyroben\u00e1 z FV panel\u016f se p\u0159\u00edmo spot\u0159ebov\u00e1v\u00e1 na oh\u0159ev Va\u0161\u00ed tepl\u00e9 vody v bojleru.<\/p>\n\n\n\n<p><\/p>\n\n\n\n<p><\/p>\n\n\n\n<p>Realizace na kl\u00ed\u010d:<\/p>\n\n\n\n<p><\/p>\n\n\n\n<p>1. Pokud se rozhodnete pro n\u00e1\u0161 FV syst\u00e9m na oh\u0159ev vody, tak n\u00e1s pros\u00edm nev\u00e1hejte kontaktovat. <\/p>\n\n\n\n<p>2. Nejprve zjist\u00edme, zda m\u00e1te n\u00e1rok na dotaci. <\/p>\n\n\n\n<p>3. N\u00e1sledn\u011b si domluv\u00edme sch\u016fzku. <\/p>\n\n\n\n<p>4. Nav\u0161t\u00edv\u00ed V\u00e1s n\u00e1\u0161 specialista, kter\u00fd s V\u00e1mi probere v\u0161e pot\u0159ebn\u00e9. <\/p>\n\n\n\n<p>5. Zajist\u00edme V\u00e1m konzultaci u pov\u011b\u0159en\u00e9ho odborn\u00edka z m\u00edstn\u00edch ak\u010dn\u00edch skupin MAS, nebo energetick\u00fdch konzulta\u010dn\u00edch st\u0159edisek EKIS a mEKIS, kter\u00fd V\u00e1s provede cel\u00fdm procesem od pod\u00e1n\u00ed \u017e\u00e1dosti, a\u017e po samotn\u00e9 dokon\u010den\u00ed realizace. (Je to velice jednoduch\u00fd proces, kter\u00fd bere ohledy pr\u00e1v\u011b na to, \u017ee je dotace ur\u010dena zejm\u00e9na pro seniory). To v\u0161e je pro V\u00e1s zcela ZDARMA. <\/p>\n\n\n\n<p>6. Vypracujeme pro V\u00e1s cenovou nab\u00eddku. <\/p>\n\n\n\n<p>7. Schv\u00e1len\u00ed Va\u0161\u00ed dotace. <\/p>\n\n\n\n<p>8. Po odsouhlasen\u00ed v\u0161eho pot\u0159ebn\u00e9ho V\u00e1m p\u0159ichyst\u00e1me smlouvu o d\u00edlo. <\/p>\n\n\n\n<p>9. Vyplacen\u00ed dotace\/z\u00e1lohy na V\u00e1\u0161 \u00fa\u010det. (v p\u0159\u00edpad\u011b, \u017ee budete \u017e\u00e1dat pen\u00edze p\u0159ed samontnou realizac\u00ed)<\/p>\n\n\n\n<p>10. Vyplacen\u00ed z\u00e1lohy n\u00e1m jako zhotoviteli. (v\u00fd\u0161e z\u00e1lohy bude uvedena ve smlouv\u011b o d\u00edlo) <\/p>\n\n\n\n<p>11. N\u00e1sledovat bude samotn\u00e1 realizace. (mont\u00e1\u017e, elektroinstalace, revize)<\/p>\n\n\n\n<p>12. P\u0159ed\u00e1n\u00ed d\u00edla. <\/p>\n\n\n\n<p>13. Doplacen\u00ed zbyl\u00e9 \u010d\u00e1stky n\u00e1m jako zhotoviteli.<\/p>\n\n\n\n<p>A pak u\u017e nebr\u00e1n\u00ed nic tomu, abyste p\u0159i ka\u017ed\u00e9m oto\u010den\u00ed kohoutku tepl\u00e9 vody \u0161et\u0159ili Va\u0161e finance.<\/p>\n\n\n\n<p>To v\u0161e pro V\u00e1s zajist\u00edme v nejkrat\u0161\u00edm mo\u017en\u00e9m term\u00ednu, kter\u00fd si odsouhlas\u00edme dop\u0159edu a kter\u00fd je z\u00e1vazn\u00fd.<\/p>\n\n\n\n<p><\/p>\n\n\n\n<p><\/p>\n\n\n\n<p>Servis: <\/p>\n\n\n\n<p>Ned\u00edlnou sou\u010d\u00e1st\u00ed na\u0161ich slu\u017eeb, kter\u00e9 poskytujeme na\u0161im z\u00e1k\u00e1zn\u00edk\u016fm je z\u00e1ru\u010dn\u00ed i poz\u00e1ru\u010dn\u00ed servis, kter\u00fd V\u00e1m zajist\u00ed na\u0161i pro\u0161kolen\u00ed technici.<\/p>\n\n\n\n<p><\/p>\n\n\n\n<p><\/p>\n\n\n\n<p>Reprezentativn\u00ed p\u0159\u00edklad dod\u00e1vky syst\u00e9mu na oh\u0159ev vody: <\/p>\n\n\n\n<p>Velikost FVE &#8211; 2,7kWp + MPPT regul\u00e1tor 3,5kW<\/p>\n\n\n\n<p><\/p>\n\n\n\n<p>6x FV panel 450Wp <\/p>\n\n\n\n<p>1x Jednof\u00e1zov\u00fd MPPT regul\u00e1tor  3,5kW (dle velikosti FV syst\u00e9mu)<\/p>\n\n\n\n<p>1x Elektromateri\u00e1l (rozvodnice, jisti\u010de, rozvad\u011b\u010d, p\u0159ep\u00edna\u010d nap\u00e1jen\u00ed, p\u0159ep\u011b\u0165ov\u00e1 ochrana, kabel\u00e1\u017e) <\/p>\n\n\n\n<p>1x St\u0159e\u0161n\u00ed konstrukce (dle typu st\u0159echy) <\/p>\n\n\n\n<p>1x Doprava <\/p>\n\n\n\n<p>1x Mont\u00e1\u017en\u00ed pr\u00e1ce <\/p>\n\n\n\n<p>1x Revize, za\u0161kolen\u00ed<\/p>\n\n\n\n<p><\/p>\n\n\n\n<p>Cena kompletn\u00edho \u0159e\u0161en\u00ed je 90 000 K\u010d <\/p>\n\n\n\n<p>Uveden\u00e1 cena je v\u010detn\u011b DPH (15%) <\/p>\n\n\n\n<p>V\u00fd\u0161e dotace z programu NZ\u00da Light 90 000 K\u010d<\/p>\n\n\n\n<p><\/p>\n\n\n\n<p>Dod\u00e1vka syst\u00e9mu na oh\u0159ev vody nezahrnuje:<\/p>\n\n\n\n<p>&#8211; v\u00fdm\u011bnu a instalaci nov\u00e9ho bojleru (pokud by V\u00e1\u0161 stavaj\u00edc\u00ed bojler nevyhovoval) <\/p>\n\n\n\n<p>&#8211; pou\u017eit\u00ed optimiz\u00e9r\u016f (za\u0159\u00edzen\u00ed se pou\u017e\u00edvaj\u00ed na FV panelech, kter\u00e9 jsou v pr\u016fb\u011bhu dne z \u010d\u00e1sti zast\u00edn\u011bny p\u0159ek\u00e1\u017ekou nap\u0159. dr\u00e1t vysok\u00e9ho nap\u011bt\u00ed, kom\u00edn, zele\u0148 atd.) &#8211; v\u00fdm\u011bna topn\u00e9ho t\u011blesa <\/p>\n\n\n\n<p>&#8211; a dal\u0161\u00ed..<\/p>\n\n\n\n<p><\/p>\n\n\n\n<p>Ve\u0161ker\u00e9 pr\u00e1ce \/ polo\u017eky, kter\u00e9 nejsou sou\u010d\u00e1st\u00ed dod\u00e1vky oh\u0159evu tepl\u00e9 vody s V\u00e1mi individu\u00e1ln\u011b probere n\u00e1\u0161 specialista a\u017e na m\u00edst\u011b, tak\u017ee se je dozv\u00edte dop\u0159edu p\u0159ed podpisem smlouvy o d\u00edlo, kde bude uvedena kone\u010dn\u00e1 cena. \u017d\u00e1dn\u00e9 skryt\u00e9 v\u00edcepr\u00e1ce u n\u00e1s neplat\u00edte.<\/p>\n\n\n\n<p><\/p>\n\n\n\n<p><\/p>\n","protected":false},"excerpt":{"rendered":"<p>Jako jeden z nejjednodu\u0161\u0161\u00edch a t\u00edm p\u00e1dem i nejlevn\u011bj\u0161\u00edch FV syst\u00e9m\u016f je FOTOVOLTAICK\u00dd OH\u0158EV VODY, kter\u00fd je pro vybran\u00e9 c\u00edlov\u00e9 skupiny obyvatel \u010cR v pln\u00e9 v\u00fd\u0161i dotov\u00e1n st\u00e1tem z programu Nov\u00e1 zelen\u00e1 \u00faspor\u00e1m Light. Pr\u00e1v\u011b na oh\u0159ev vody, kter\u00e1 se pou\u017e\u00edv\u00e1 p\u0159i ka\u017edodenn\u00edm myt\u00ed n\u00e1dob\u00ed, pran\u00ed a koup\u00e1n\u00ed p\u0159ipad\u00e1 zna\u010dn\u00e1 \u010d\u00e1st energie a tedy i [&hellip;]<\/p>\n","protected":false},"author":2,"featured_media":46,"parent":0,"menu_order":0,"comment_status":"closed","ping_status":"closed","template":"","meta":{"footnotes":""},"class_list":["post-26","page","type-page","status-publish","has-post-thumbnail","hentry"],"yoast_head":"<!-- This site is optimized with the Yoast SEO plugin v20.12 - https:\/\/yoast.com\/wordpress\/plugins\/seo\/ -->\n<title>FOTOVOLTAICK\u00dd SYST\u00c9M NA OH\u0158EV VODY - ENVIRO s.r.o. %<\/title>\n<meta name=\"description\" content=\"Aktu\u00e1ln\u011b jsme roz\u0161\u00ed\u0159ili na\u0161e aktivity do oblasti obnoviteln\u00fdch zdroj\u016f elektrick\u00e9 energie a to zejm\u00e9na o sol\u00e1rn\u00ed \/FV\/ syst\u00e9my, sol\u00e1rn\u00ed oh\u0159ev vody a vertik\u00e1ln\u00ed v\u011btrn\u00e9 turb\u00edny.\" \/>\n<meta name=\"robots\" content=\"index, follow, max-snippet:-1, max-image-preview:large, max-video-preview:-1\" \/>\n<link rel=\"canonical\" href=\"https:\/\/www.enviro.cz\/?page_id=26\" \/>\n<meta property=\"og:locale\" content=\"cs_CZ\" \/>\n<meta property=\"og:type\" content=\"article\" \/>\n<meta property=\"og:title\" content=\"FOTOVOLTAICK\u00dd SYST\u00c9M NA OH\u0158EV VODY - ENVIRO s.r.o. %\" \/>\n<meta property=\"og:description\" content=\"Aktu\u00e1ln\u011b jsme roz\u0161\u00ed\u0159ili na\u0161e aktivity do oblasti obnoviteln\u00fdch zdroj\u016f elektrick\u00e9 energie a to zejm\u00e9na o sol\u00e1rn\u00ed \/FV\/ syst\u00e9my, sol\u00e1rn\u00ed oh\u0159ev vody a vertik\u00e1ln\u00ed v\u011btrn\u00e9 turb\u00edny.\" \/>\n<meta property=\"og:url\" content=\"https:\/\/www.enviro.cz\/?page_id=26\" \/>\n<meta property=\"og:site_name\" content=\"ENVIRO s.r.o.\" \/>\n<meta property=\"article:publisher\" content=\"https:\/\/www.facebook.com\/IT.servis.Trebic\/\" \/>\n<meta property=\"article:modified_time\" content=\"2023-07-31T14:29:56+00:00\" \/>\n<meta name=\"twitter:card\" content=\"summary_large_image\" \/>\n<meta name=\"twitter:image\" content=\"https:\/\/www.enviro.cz\/wp-content\/uploads\/2023\/07\/ENVIRO_domecek-pdf.jpg\" \/>\n<meta name=\"twitter:label1\" content=\"Odhadovan\u00e1 doba \u010dten\u00ed\" \/>\n\t<meta name=\"twitter:data1\" content=\"5 minut\" \/>\n<script type=\"application\/ld+json\" class=\"yoast-schema-graph\">{\"@context\":\"https:\/\/schema.org\",\"@graph\":[{\"@type\":\"WebPage\",\"@id\":\"https:\/\/www.enviro.cz\/?page_id=26\",\"url\":\"https:\/\/www.enviro.cz\/?page_id=26\",\"name\":\"FOTOVOLTAICK\u00dd SYST\u00c9M NA OH\u0158EV VODY - ENVIRO s.r.o. %\",\"isPartOf\":{\"@id\":\"https:\/\/www.enviro.cz\/#website\"},\"datePublished\":\"2023-07-24T01:48:30+00:00\",\"dateModified\":\"2023-07-31T14:29:56+00:00\",\"description\":\"Aktu\u00e1ln\u011b jsme roz\u0161\u00ed\u0159ili na\u0161e aktivity do oblasti obnoviteln\u00fdch zdroj\u016f elektrick\u00e9 energie a to zejm\u00e9na o sol\u00e1rn\u00ed \/FV\/ syst\u00e9my, sol\u00e1rn\u00ed oh\u0159ev vody a vertik\u00e1ln\u00ed v\u011btrn\u00e9 turb\u00edny.\",\"breadcrumb\":{\"@id\":\"https:\/\/www.enviro.cz\/?page_id=26#breadcrumb\"},\"inLanguage\":\"cs\",\"potentialAction\":[{\"@type\":\"ReadAction\",\"target\":[\"https:\/\/www.enviro.cz\/?page_id=26\"]}]},{\"@type\":\"BreadcrumbList\",\"@id\":\"https:\/\/www.enviro.cz\/?page_id=26#breadcrumb\",\"itemListElement\":[{\"@type\":\"ListItem\",\"position\":1,\"name\":\"Dom\u016f\",\"item\":\"https:\/\/www.enviro.cz\/\"},{\"@type\":\"ListItem\",\"position\":2,\"name\":\"FOTOVOLTAICK\u00dd SYST\u00c9M NA OH\u0158EV VODY\"}]},{\"@type\":\"WebSite\",\"@id\":\"https:\/\/www.enviro.cz\/#website\",\"url\":\"https:\/\/www.enviro.cz\/\",\"name\":\"ENVIRO s.r.o.\",\"description\":\"s\u00eddlo firmy:\",\"publisher\":{\"@id\":\"https:\/\/www.enviro.cz\/#organization\"},\"potentialAction\":[{\"@type\":\"SearchAction\",\"target\":{\"@type\":\"EntryPoint\",\"urlTemplate\":\"https:\/\/www.enviro.cz\/?s={search_term_string}\"},\"query-input\":\"required name=search_term_string\"}],\"inLanguage\":\"cs\"},{\"@type\":\"Organization\",\"@id\":\"https:\/\/www.enviro.cz\/#organization\",\"name\":\"ENVIRO s.r.o.\",\"url\":\"https:\/\/www.enviro.cz\/\",\"logo\":{\"@type\":\"ImageObject\",\"inLanguage\":\"cs\",\"@id\":\"https:\/\/www.enviro.cz\/#\/schema\/logo\/image\/\",\"url\":\"https:\/\/www.enviro.cz\/wp-content\/uploads\/2023\/07\/ENVIRO-logo-2021-1-1.png\",\"contentUrl\":\"https:\/\/www.enviro.cz\/wp-content\/uploads\/2023\/07\/ENVIRO-logo-2021-1-1.png\",\"width\":2339,\"height\":1654,\"caption\":\"ENVIRO s.r.o.\"},\"image\":{\"@id\":\"https:\/\/www.enviro.cz\/#\/schema\/logo\/image\/\"},\"sameAs\":[\"https:\/\/www.facebook.com\/IT.servis.Trebic\/\"]}]}<\/script>\n<!-- \/ Yoast SEO plugin. -->","yoast_head_json":{"title":"FOTOVOLTAICK\u00dd SYST\u00c9M NA OH\u0158EV VODY - ENVIRO s.r.o. %","description":"Aktu\u00e1ln\u011b jsme roz\u0161\u00ed\u0159ili na\u0161e aktivity do oblasti obnoviteln\u00fdch zdroj\u016f elektrick\u00e9 energie a to zejm\u00e9na o sol\u00e1rn\u00ed \/FV\/ syst\u00e9my, sol\u00e1rn\u00ed oh\u0159ev vody a vertik\u00e1ln\u00ed v\u011btrn\u00e9 turb\u00edny.","robots":{"index":"index","follow":"follow","max-snippet":"max-snippet:-1","max-image-preview":"max-image-preview:large","max-video-preview":"max-video-preview:-1"},"canonical":"https:\/\/www.enviro.cz\/?page_id=26","og_locale":"cs_CZ","og_type":"article","og_title":"FOTOVOLTAICK\u00dd SYST\u00c9M NA OH\u0158EV VODY - ENVIRO s.r.o. %","og_description":"Aktu\u00e1ln\u011b jsme roz\u0161\u00ed\u0159ili na\u0161e aktivity do oblasti obnoviteln\u00fdch zdroj\u016f elektrick\u00e9 energie a to zejm\u00e9na o sol\u00e1rn\u00ed \/FV\/ syst\u00e9my, sol\u00e1rn\u00ed oh\u0159ev vody a vertik\u00e1ln\u00ed v\u011btrn\u00e9 turb\u00edny.","og_url":"https:\/\/www.enviro.cz\/?page_id=26","og_site_name":"ENVIRO s.r.o.","article_publisher":"https:\/\/www.facebook.com\/IT.servis.Trebic\/","article_modified_time":"2023-07-31T14:29:56+00:00","twitter_card":"summary_large_image","twitter_image":"https:\/\/www.enviro.cz\/wp-content\/uploads\/2023\/07\/ENVIRO_domecek-pdf.jpg","twitter_misc":{"Odhadovan\u00e1 doba \u010dten\u00ed":"5 minut"},"schema":{"@context":"https:\/\/schema.org","@graph":[{"@type":"WebPage","@id":"https:\/\/www.enviro.cz\/?page_id=26","url":"https:\/\/www.enviro.cz\/?page_id=26","name":"FOTOVOLTAICK\u00dd SYST\u00c9M NA OH\u0158EV VODY - ENVIRO s.r.o. %","isPartOf":{"@id":"https:\/\/www.enviro.cz\/#website"},"datePublished":"2023-07-24T01:48:30+00:00","dateModified":"2023-07-31T14:29:56+00:00","description":"Aktu\u00e1ln\u011b jsme roz\u0161\u00ed\u0159ili na\u0161e aktivity do oblasti obnoviteln\u00fdch zdroj\u016f elektrick\u00e9 energie a to zejm\u00e9na o sol\u00e1rn\u00ed \/FV\/ syst\u00e9my, sol\u00e1rn\u00ed oh\u0159ev vody a vertik\u00e1ln\u00ed v\u011btrn\u00e9 turb\u00edny.","breadcrumb":{"@id":"https:\/\/www.enviro.cz\/?page_id=26#breadcrumb"},"inLanguage":"cs","potentialAction":[{"@type":"ReadAction","target":["https:\/\/www.enviro.cz\/?page_id=26"]}]},{"@type":"BreadcrumbList","@id":"https:\/\/www.enviro.cz\/?page_id=26#breadcrumb","itemListElement":[{"@type":"ListItem","position":1,"name":"Dom\u016f","item":"https:\/\/www.enviro.cz\/"},{"@type":"ListItem","position":2,"name":"FOTOVOLTAICK\u00dd SYST\u00c9M NA OH\u0158EV VODY"}]},{"@type":"WebSite","@id":"https:\/\/www.enviro.cz\/#website","url":"https:\/\/www.enviro.cz\/","name":"ENVIRO s.r.o.","description":"s\u00eddlo firmy:","publisher":{"@id":"https:\/\/www.enviro.cz\/#organization"},"potentialAction":[{"@type":"SearchAction","target":{"@type":"EntryPoint","urlTemplate":"https:\/\/www.enviro.cz\/?s={search_term_string}"},"query-input":"required name=search_term_string"}],"inLanguage":"cs"},{"@type":"Organization","@id":"https:\/\/www.enviro.cz\/#organization","name":"ENVIRO s.r.o.","url":"https:\/\/www.enviro.cz\/","logo":{"@type":"ImageObject","inLanguage":"cs","@id":"https:\/\/www.enviro.cz\/#\/schema\/logo\/image\/","url":"https:\/\/www.enviro.cz\/wp-content\/uploads\/2023\/07\/ENVIRO-logo-2021-1-1.png","contentUrl":"https:\/\/www.enviro.cz\/wp-content\/uploads\/2023\/07\/ENVIRO-logo-2021-1-1.png","width":2339,"height":1654,"caption":"ENVIRO s.r.o."},"image":{"@id":"https:\/\/www.enviro.cz\/#\/schema\/logo\/image\/"},"sameAs":["https:\/\/www.facebook.com\/IT.servis.Trebic\/"]}]}},"_links":{"self":[{"href":"https:\/\/www.enviro.cz\/index.php?rest_route=\/wp\/v2\/pages\/26","targetHints":{"allow":["GET"]}}],"collection":[{"href":"https:\/\/www.enviro.cz\/index.php?rest_route=\/wp\/v2\/pages"}],"about":[{"href":"https:\/\/www.enviro.cz\/index.php?rest_route=\/wp\/v2\/types\/page"}],"author":[{"embeddable":true,"href":"https:\/\/www.enviro.cz\/index.php?rest_route=\/wp\/v2\/users\/2"}],"replies":[{"embeddable":true,"href":"https:\/\/www.enviro.cz\/index.php?rest_route=%2Fwp%2Fv2%2Fcomments&post=26"}],"version-history":[{"count":15,"href":"https:\/\/www.enviro.cz\/index.php?rest_route=\/wp\/v2\/pages\/26\/revisions"}],"predecessor-version":[{"id":122,"href":"https:\/\/www.enviro.cz\/index.php?rest_route=\/wp\/v2\/pages\/26\/revisions\/122"}],"wp:featuredmedia":[{"embeddable":true,"href":"https:\/\/www.enviro.cz\/index.php?rest_route=\/wp\/v2\/media\/46"}],"wp:attachment":[{"href":"https:\/\/www.enviro.cz\/index.php?rest_route=%2Fwp%2Fv2%2Fmedia&parent=26"}],"curies":[{"name":"wp","href":"https:\/\/api.w.org\/{rel}","templated":true}]}}